*v = v + 76. List the prime factors of t.
2, 3
Suppose 4*l + 13 + 0 = a, -2*a = -4*l - 18. Let o(j) = -2 - a*j + 5*j + 3 - 4*j. List the prime factors of o(-1).
5
Let q(m) be the third derivative of 1/30*m**5 - 1/2*m**3 + 0*m + 5/24*m**4 - m**2 + 0. What are the prime factors of q(-4)?
3
Suppose 55 = 3*b - k, -2*b = b - 5*k - 71. Suppose 0 = -5*t - m + 15, -5*m + b = -4*t + 58. What are the prime factors of t?
2
Let t = 71 - -1. What are the prime factors of t?
2, 3
Suppose 2*i - 9 + 5 = 0. Suppose -2*g = i*l - 24, -g + 2*l - 51 = -6*g. What are the prime factors of g?
3
Suppose -104 = -5*v - 19. List the prime factors of v/2 + (-2)/4.
2
Let u(x) = x**3 + 7*x**2 + 7*x + 6. Let r be u(-6). Let b be (r*(-2)/(-4))/2. Suppose 75 = 5*w - b*w. List the prime factors of w.
3, 5
Let z(c) = 3*c**3 - 2*c**2 - 2*c - 3. What are the prime factors of z(3)?
2, 3
Let l be -2*18/(-4) + -1. Let u = l - 7. List the prime factors of -1*u/((-1)/2).
2
Let c be 4/14 + (-122)/(-14). Suppose 2*a - c = 19. What are the prime factors of a?
2, 7
Let k = -6 + 10. Suppose -5*p + 196 - 40 = 2*s, k*s = -2*p + 72. Suppose 0 = y + 2*y - p. What are the prime factors of y?
2, 5
Let r(n) be the first derivative of 3*n**2 + 2 + n - 1/3*n**3. What are the prime factors of r(5)?
2, 3
Suppose -4*x + 23 = -25. What are the prime factors of x?
2, 3
Let v(r) = -3*r**3 - 5*r + 4. List the prime factors of v(-3).
2, 5
Let i(s) = s**2 + 2*s + 8. List the prime factors of i(6).
2, 7
Let t(m) = 3*m**2 + 3*m - 4. Let n(i) = -i**3 + 4*i**2 - 4*i + 3. Let l be n(2). Let x be t(l). Suppose 3*b = -b + x. List the prime factors of b.
2
Let u(l) be the third derivative of l**4/12 - 7*l**3/3 - 3*l**2. Let y be u(10). Suppose y*g = 3*g + 42. What are the prime factors of g?
2, 7
Suppose 3*q - 22 = 4*g, -7*q + 2*q + 2*g + 18 = 0. Suppose -q*o - 2 = -28. What are the prime factors of o?
13
Suppose -2*i - 5*b + 30 = 0, -4*b + 21 = 2*i - i. Suppose 0 = -4*c + 24 + 16. Suppose c = i*w - 0*w. List the prime factors of w.
2
Suppose o + 0*z = -5*z - 7, -2*o + 4 = 4*z. Let b(g) = g**2 - 3*g - 8. List the prime factors of b(o).
2
Let b = -3 + 10. Let a = 11 - b. Suppose -t + 25 = a*t. What are the prime factors of t?
5
Let w(z) = -z. Let f be w(1). What are the prime factors of f/(-3) - (-590)/30?
2, 5
Suppose 5*b + 58 = 4*u - 117, -2*u + 83 = -b. List the prime factors of u.
2, 5
Suppose 5*f - 45 = -340. Let v = 26 + f. Let q = v - -46. List the prime factors of q.
13
Let t = -202 - -482. What are the prime factors of t?
2, 5, 7
Suppose -225 = -c - 4*c + 2*m, -c = -3*m - 45. Suppose 0 + c = 5*u. What are the prime factors of 124/u + 4/18?
2, 7
Suppose 1515 = -5*r + 10*r. What are the prime factors of r?
3, 101
List the prime factors of (-675)/18*((-16)/6 + 2).
5
Let d = 1 - -2. Suppose -4*j = 5*w - 16, 5*w = d*j + 4*w + 7. Let g = 3 + j. List the prime factors of g.
2
Suppose -29 = -3*c - 11. Suppose c = -3*n - z + 17, 0 = 3*z - 15. List the prime factors of (n/4)/((-4)/(-144)).
2, 3
Let b = 67 - 55. List the prime factors of b.
2, 3
Suppose 489 = 5*j + a, 146 = j - a + 47. What are the prime factors of j?
2, 7
Let s = -5 - 141. Let c be s/(-8) - 4/16. Suppose -4*m = 2*j - c, 2*j - 17 = -5*m + 2*m. What are the prime factors of j?
7
Let c(b) = -22*b + 1. List the prime factors of c(-5).
3, 37
Let y = 6 - 11. Let l be 3/6 - y/(-2). List the prime factors of 12/(2/((-4)/l)).
2, 3
Suppose -2*o + 1 = -41. What are the prime factors of o?
3, 7
List the prime factors of (-4)/(-14) + (-159)/(-7).
23
Let o(b) = 29*b - 3 - 18*b - 17*b. List the prime factors of o(-6).
3, 11
Let f = 10 + -4. What are the prime factors of f?
2, 3
Let s(x) = -2*x**3 - 5*x**2 + 3*x. List the prime factors of s(-4).
2, 3
Let x be (-4)/(3 + -1) - -17. Suppose -2*i = i - x. List the prime factors of i.
5
Suppose 0 = -2*k - k - 24. Let g = k - -6. Let m = g + 10. List the prime factors of m.
2
Suppose 4*u + 234 = -162. What are the prime factors of (-2)/((-3)/(u/(-6)))?
11
Let b be (2 - 4) + 4 + -5. Let z = b + 1. Let n(t) = -5*t. List the prime factors of n(z).
2, 5
Suppose 0 = -o - 0*o + 15. Suppose -6*b = -b - o. What are the prime factors of b?
3
Suppose -4*h + 81 = -19. What are the prime factors of h?
5
Suppose -5*g - 8*h = -3*h + 5, 0 = -5*g - 4*h - 4. Let b(s) = -s + 25. What are the prime factors of b(g)?
5
Let j(o) be the second derivative of o**6/360 + o**5/20 + o**4/3 + o**3/6 + o. Let c(i) be the second derivative of j(i). What are the prime factors of c(-6)?
2
Let j(a) = a**2 - 4*a + 6. Let x be j(6). Let c be 10/45 - (-212)/x. What are the prime factors of -1 + 1 + 0 + c?
2, 3
Let m be (-59)/4 + 2/(-8). Let q be 0/(-1*2) + m. Let w = q + 26. What are the prime factors of w?
11
Suppose 0 = j - 6*j - 5. Let p = -1 - j. Suppose p = s - 4 - 1. What are the prime factors of s?
5
Let n(h) = 12*h - 2 + 0*h + h**3 + 5*h**2 - 17*h**2. List the prime factors of n(11).
3
Suppose s + 5*n - 300 = 0, -4*s + 1111 = -n - 173. List the prime factors of s.
2, 5
Suppose 3*d + 6 - 66 = 0. List the prime factors of d.
2, 5
Let c = -175 - -264. What are the prime factors of c?
89
Suppose -3*q = -6*q + 3. Let a = q + 8. List the prime factors of a.
3
Suppose -8 + 10 = -2*j. Let n(c) = -c**2 - 1 - c - 5*c**3 + 0*c**3 - c**3. What are the prime factors of n(j)?
5
Let n(c) = 29*c - 63. What are the prime factors of n(5)?
2, 41
Let c be (0 - -1) + (1 - -4). List the prime factors of (c*(-2)/(-3))/2.
2
Let a = -15 + 7. Let l = -4 + 6. What are the prime factors of (-86)/a - l/(-8)?
11
Suppose i = -3*q + 46, -5*i + 50 = -4*i + q. List the prime factors of i.
2, 13
Suppose 0 = -4*i + 1 + 23. Suppose -2*u = -5*u - 6. Let r = u + i. List the prime factors of r.
2
Let u(x) = -x - 1. Let v(o) = -9*o - 6. Let f(p) = -6*u(p) + v(p). List the prime factors of f(-4).
2, 3
Let o be (-2)/(-3) + (-13)/(-3). Suppose o*c = -0*c + 15. Suppose 2 = -3*k - 4*b + 13, 43 = c*k - 4*b. What are the prime factors of k?
3
Suppose -1 = 2*s + 1. Let g be 1/(s/(-1)) - -1. Suppose c - 15 = -g*x, 5*x - 3*c - 5 = 6*x. List the prime factors of x.
2, 5
Suppose -4*m + 144 = 2*v, 72 = 4*m - 2*m - 4*v. List the prime factors of m.
2, 3
Suppose -3*f + 5*g + 249 = -118, -4*g = 2*f - 230. Suppose -v + 42 = -3*j, 3*v + 5*j - f = 7. What are the prime factors of v?
2, 3, 7
What are the prime factors of 3/(6/8) - -39?
43
List the prime factors of 1 - (-3500)/45 - (-4)/18.
79
Suppose 0 = -5*v + 246 + 34. List the prime factors of v.
2, 7
Let u(g) = 5*g - 1. List the prime factors of u(3).
2, 7
Suppose -k + a = -1, -4 = 2*k - 5*a - 0*a. Let o(s) = 1. Let b(m) = -m**2 - m + 7. Let d(y) = k*o(y) - b(y). What are the prime factors of d(-3)?
2
Let q = 0 + 1. List the prime factors of (q/3)/((-10)/(-930)).
31
Suppose 0 = 4*z - 0*m - 2*m + 72, z - 3*m = -23. Let p = 25 + z. What are the prime factors of p?
2
List the prime factors of 0 + (-2 - -237) + 5.
2, 3, 5
Let u = 218 - 96. List the prime factors of u.
2, 61
Let f(d) = -2*d**2 + 0*d - 4*d**2 + 6 + d**3 + 0*d. What are the prime factors of f(6)?
2, 3
Let l(i) = -i**2 + 7*i - 4. Let r be l(3). Let h = 20 - r. What are the prime factors of h?
2, 3
Let l = 26 + 16. What are the prime factors of l?
2, 3, 7
Suppose -101 = -2*j - 27. List the prime factors of j.
37
Let g = -132 + 234. List the prime factors of g.
2, 3, 17
Suppose -q + 3*d + 255 = 0, d = 5*q - 364 - 911. What are the prime factors of q?
3, 5, 17
What are the prime factors of (1/2)/((-1338)/672 + 2)?
2, 7
Let g(d) = -d - 2. Let h be g(-10). Let r = 10 - h. Suppose r*k + 3*m + 5 = 0, k + 2*m + 14 = 5*k. List the prime factors of k.
2
Suppose -t - 17 = -x + 261, -3*x - 4*t = -855. List the prime factors of x.
281
Suppose v - 5 = 0, 0 = 3*b + 2*b + 5*v - 20. Let m(l) = -14*l + 1. What are the prime factors of m(b)?
3, 5
Let n(t) = 0*t + 2 + t - 3*t. What are the prime factors of n(-7)?
2
Let i(s) = 7*s**3 - s**2 + s - 1. Let o be i(1). Suppose 5*z + 1 - o = 0. Let g = z - -7. What are the prime factors of g?
2
Suppose 214*o - 1760 = 209*o. List the prime factors of o.
2, 11
Suppose f - 5*f = -1280. List the prime factors of f.
2, 5
Let k(b) = -4*b**3 - 4 - 6*b**2 - 3*b**3 + 6*b**3. Let m be k(-6). What are the prime factors of (-18)/m - 5/10?
2
Let r be 1401/21 + (-2)/(-7). Let w = r +